common divisor of 2059 and 606553.
71
Calculate the greatest common factor of 206 and 721257500.
206
What is the highest common factor of 5494 and 6337262?
134
What is the greatest common factor of 353620 and 15820?
20
What is the highest common factor of 115374 and 2795954?
574
Calculate the highest common factor of 12 and 841170504.
12
What is the greatest common divisor of 13 and 345217574?
13
Calculate the greatest common factor of 73807 and 212428.
23
What is the greatest common divisor of 28 and 83631532?
4
What is the highest common divisor of 25648 and 192192?
112
Calculate the greatest common divisor of 27433100 and 200.
100
What is the highest common factor of 1786640 and 260?
20
What is the greatest common factor of 49864 and 23000?
184
Calculate the highest common divisor of 190 and 5696675.
95
What is the highest common divisor of 1001 and 2007390?
77
Calculate the highest common divisor of 19192 and 6014293.
2399
What is the greatest common factor of 416187 and 2882?
131
Calculate the greatest common factor of 1983219797 and 13.
13
Calculate the greatest common divisor of 927 and 892319076.
927
What is the greatest common factor of 472365072 and 12?
12
What is the greatest common factor of 600 and 100107960?
120
What is the greatest common factor of 1129952 and 76448?
32
Calculate the greatest common divisor of 58982 and 13519517.
4213
What is the greatest common factor of 9639 and 2030913?
81
What is the greatest common divisor of 7506 and 20903376?
834
What is the greatest common factor of 4 and 1691128?
4
Calculate the highest common factor of 6409864 and 1313.
101
What is the greatest common divisor of 171 and 40676967?
171
What is the greatest common divisor of 246 and 638026953?
123
Calculate the greatest common factor of 811287 and 268903.
109
What is the greatest common factor of 2100 and 9412025?
175
Calculate the highest common factor of 208 and 754819.
13
Calculate the greatest common factor of 15895 and 201722.
289
Calculate the greatest common factor of 47872936 and 1.
1
Calculate the highest common factor of 133412668 and 4.
4
What is the highest common divisor of 1352 and 203752?
8
Calculate the greatest common factor of 11206 and 1750722.
862
What is the highest common factor of 74724 and 9655682?
958
Calculate the highest common factor of 240 and 7449160.
40
Calculate the greatest common divisor of 26452 and 159490.
778
Calculate the highest common factor of 617232 and 35571.
501
What is the highest common divisor of 6213886 and 1630?
326
What is the highest common divisor of 110 and 1477797310?
110
What is the greatest common divisor of 298 and 232371758?
298
What is the greatest common factor of 367173996 and 924?
84
What is the highest common divisor of 17240622 and 588?
42
Calculate the greatest common factor of 156908940 and 7065.
2355
What is the greatest common factor of 878 and 108146772?
878
Calculate the greatest common divisor of 411362731 and 26.
13
What is the highest common factor of 2365 and 5063938?
473
Calculate the highest common divisor of 582565 and 74185.
185
What is the greatest common divisor of 18773436 and 924?
132
Calculate the greatest common factor of 989382 and 7263.
807
What is the greatest common factor of 287335919 and 2951?
2951
Calculate the highest common divisor of 135 and 200691.
27
What is the highest common divisor of 296608465 and 45880?
5735
Calculate the highest common divisor of 3363739 and 3944.
493
What is the greatest common divisor of 326718176 and 656?
656
What is the greatest common divisor of 17577692 and 33?
11
Calculate the greatest common divisor of 40768 and 857664.
64
What is the highest common factor of 10700 and 3271525?
2675
What is the greatest common divisor of 58025202 and 47082?
6726
What is the highest common factor of 344762289 and 104868?
8739
Calculate the greatest common factor of 602 and 147907874.
86
What is the highest common divisor of 102890 and 10?
10
Calculate the greatest common divisor of 26352 and 2319952.
976
What is the highest common divisor of 10 and 8359210?
10
Calculate the highest common divisor of 43342 and 2593852.
3334
Calculate the greatest common factor of 4008 and 87777204.
2004
Calculate the greatest common factor of 138 and 276037904.
46
Calculate the highest common factor of 1803850 and 1040.
10
What is the greatest common factor of 35113 and 10544704?
2701
Calculate the greatest common divisor of 168657048 and 10584.
504
Calculate the highest common divisor of 352143 and 27819.
99
Calculate the greatest common factor of 3856 and 2511461.
241
What is the greatest common factor of 6175 and 3342575?
475
What is the greatest common divisor of 235363 and 336073?
373
What is the highest common factor of 87014910 and 2010?
2010
What is the highest common factor of 91347527 and 263?
263
Calculate the highest common factor of 160 and 6443648.
32
What is the highest common divisor of 38445 and 8601010?
55
Calculate the highest common divisor of 1054174831 and 947.
947
Calculate the highest common divisor of 2024946 and 314118.
378
What is the greatest common factor of 5280 and 381952?
32
What is the highest common divisor of 576 and 4413258?
18
What is the highest common divisor of 34832 and 376432?
112
What is the greatest common divisor of 8955225 and 10800?
675
What is the highest common factor of 205 and 6185629?
41
What is the highest common factor of 28727 and 442497?
23
What is the highest common factor of 3500 and 47474?
14
What is the highest common divisor of 543 and 119520?
3
What is the greatest common factor of 22721692 and 196?
196
Calculate the highest common divisor of 1871 and 25771154.
1871
Calculate the greatest common divisor of 8005 and 28770.
5
Calculate the greatest common factor of 4308150 and 16785.
5595
Calculate the highest common factor of 15648 and 11247.
489
What is the highest common divisor of 20540 and 54370?
10
Calculate the greatest common factor of 1330091 and 269521.
973
What is the greatest common divisor of 512 and 19550464?
256
What is the greatest common factor of 18227280 and 150?
30
Calculate the highest common factor of 780 and 1795820.
260
Calculate the greatest common divisor of 137 and 1390413.
137
What is the highest common factor of 63418 and 13912?
74
Calculate the greatest common divisor of 4608 and 3937632.
96
What is the highest common divisor of 79 and 172225530?
79
Calculate the highest common divisor of 155 and 23062729.
31
Calculate the greatest common factor of 143067 and 7107.
309
Calculate the greatest common divisor of 46 and 60430154.
46
Calculate the greatest common factor of 6669 and 12567360.
741
What is the greatest common divisor of 134 and 11423098?
134
Calculate the highest common divisor of 12 and 6405246.
6
Calculate the greatest common factor of 53375 and 8776985.
2135
Calculate the greatest common factor of 412920 and 16452.
36
What is the greatest common divisor of 4006444 and 7072?
52
What is the greatest common factor of 13591241 and 1594?
797
Calculate the greatest common divisor of 30397856 and 44640.
992
What is the highest common divisor of 4276636 and 728?
364
What is the greatest common divisor of 541348 and 7106?
646
What is the highest common factor of 1794936 and 260?
52
What is the greatest common divisor of 1251 and 827463942?
1251
What is the highest common factor of 1074 and 2398958?
358
What is the highest common factor of 10947073 and 6115?
1223
What is the highest common factor of 3808 and 142856?
56
What is the greatest common divisor of 124353 and 108609?
123
What is the highest common divisor of 2651211 and 362346?
1383
Calculate the greatest common factor of 27 and 253460916.
9
What is the highest common factor of 4776 and 2001884280?
4776
What is the greatest common factor of 783860 and 868?
28
Calculate the highest common divisor of 706385185 and 10263.
3421
What is the highest common divisor of 4672 and 19286308?
292
Calculate the highest common divisor of 260 and 561028.
52
Calculate the greatest common factor of 7757284 and 7566.
194
What is the greatest common factor of 1500356 and 1661?
11
Calculate the greatest common factor of 9802510 and 103.
103
Calculate the greatest common factor of 4973270 and 125.
5
Calculate the hig